{"id":11227,"date":"2022-03-04T23:07:15","date_gmt":"2022-03-04T22:07:15","guid":{"rendered":"https:\/\/wp-test.zum.de\/?page_id=11227"},"modified":"2025-07-02T17:31:22","modified_gmt":"2025-07-02T15:31:22","slug":"grundschule","status":"publish","type":"page","link":"https:\/\/www.zum.de\/portal\/grundschule\/","title":{"rendered":"Angebote f\u00fcr die Grundschule"},"content":{"rendered":"\n<p><\/p>\n\n\n\n<h2 class=\"wp-block-heading\" id=\"mehr-grundschulseiten\">MEHR GRUNDSCHULSEITEN<\/h2>\n\n\n\n<ul class=\"wp-block-list\">\n<li><a href=\"http:\/\/musik.zum.de\/fichthorn\/\" target=\"_blank\" rel=\"noreferrer noopener\">Norbert Fichthorn: Grundschulhits f\u00fcr Kids<\/a><\/li>\n\n\n\n<li><a href=\"http:\/\/www.zum.de\/Faecher\/grund\/leupold\/\" target=\"_blank\" rel=\"noreferrer noopener\">Martin Leupold: Theorie und Praxis des Interneteinsatzes an Grundschulen, Hessen&nbsp;<\/a><\/li>\n\n\n\n<li><a href=\"http:\/\/www.emelemel.de\/\" target=\"_blank\" rel=\"noreferrer noopener\">Martin Leupold: emel emel Materialien f\u00fcr Grundschullehrer, Hessen<\/a><\/li>\n\n\n\n<li><a href=\"http:\/\/www.zum.de\/buch\/index.php?controller=front&amp;action=list&amp;subject=9\" target=\"_blank\" rel=\"noreferrer noopener\">Buchempfehlungen f\u00fcr Grundschulen<\/a><\/li>\n<\/ul>\n\n\n\n<h2 class=\"wp-block-heading\" id=\"das-grundschulnetz\">DAS GRUNDSCHULNETZ<\/h2>\n\n\n\n<p>Das Startportal &#8222;Das Grundschulnetz&#8220; &#8211; &#8222;Grundsch\u00fcler im Internet&#8220;, wurde vor einigen Jahren &#8211; gef\u00f6rdert durch Mittel aus &#8222;Ein Netz f\u00fcr Kinder&#8220; &#8211; von Martin Leupold auf ZUM.de erstellt.<\/p>\n\n\n\n<p>Inzwischen ist es in seiner urspr\u00fcnglichen Form eingestellt und durch diese Seite hier, die Seite &#8222;Grundschule&#8220; (<a href=\"https:\/\/www.zum.de\/portal\/grundschule\">grundschule.zum.de<\/a>) ersetzt&nbsp;worden.<\/p>\n\n\n\n<!-- Matomo -->\n<script>\n  var _paq = window._paq = window._paq || [];\n  \/* tracker methods like \"setCustomDimension\" should be called before \"trackPageView\" *\/\n  _paq.push(['trackPageView']);\n  _paq.push(['enableLinkTracking']);\n  (function() {\n    var u=\"\/\/stats.zum.de\/\";\n    _paq.push(['setTrackerUrl', u+'matomo.php']);\n    _paq.push(['setSiteId', '68']);\n    var d=document, g=d.createElement('script'), s=d.getElementsByTagName('script')[0];\n    g.async=true; g.src=u+'matomo.js'; s.parentNode.insertBefore(g,s);\n  })();\n<\/script>\n<!-- End Matomo Code -->\n\n\n<p><!-- \/wp:post-content --><\/p>\n<p><!-- wp:query --><\/p>\n<div class=\"wp-block-query\"><\/div>\n<p><!-- \/wp:query --><\/p>\n<p><!-- wp:query --><\/p>\n<div class=\"wp-block-query\"><\/div>\n<p><!-- \/wp:query --><\/p><div class=\"shariff shariff-align-flex-start shariff-widget-align-flex-start\" style=\"display:none\" data-url=\"https%3A%2F%2Fwww.zum.de%2Fportal%2Fgrundschule%2F\" data-timestamp=\"1751477482\" data-backendurl=\"https:\/\/www.zum.de\/portal\/wp-json\/shariff\/v1\/share_counts?\"><div class=\"ShariffHeadline\">Teilen<\/div><ul class=\"shariff-buttons theme-round orientation-horizontal buttonsize-medium\"><li class=\"shariff-button whatsapp shariff-nocustomcolor shariff-mobile\" style=\"background-color:#5cbe4a\"><a href=\"https:\/\/api.whatsapp.com\/send?text=https%3A%2F%2Fwww.zum.de%2Fportal%2Fgrundschule%2F%20Angebote%20f%C3%BCr%20die%20Grundschule\" title=\"Bei Whatsapp teilen\" aria-label=\"Bei Whatsapp teilen\" role=\"button\" rel=\"noopener nofollow\" class=\"shariff-link\" style=\"; background-color:#34af23; color:#fff\" target=\"_blank\"><span class=\"shariff-icon\" style=\"\"><svg width=\"32px\" height=\"20px\" xmlns=\"http:\/\/www.w3.org\/2000\/svg\" viewBox=\"0 0 32 32\"><path fill=\"#34af23\" d=\"M17.6 17.4q0.2 0 1.7 0.8t1.6 0.9q0 0.1 0 0.3 0 0.6-0.3 1.4-0.3 0.7-1.3 1.2t-1.8 0.5q-1 0-3.4-1.1-1.7-0.8-3-2.1t-2.6-3.3q-1.3-1.9-1.3-3.5v-0.1q0.1-1.6 1.3-2.8 0.4-0.4 0.9-0.4 0.1 0 0.3 0t0.3 0q0.3 0 0.5 0.1t0.3 0.5q0.1 0.4 0.6 1.6t0.4 1.3q0 0.4-0.6 1t-0.6 0.8q0 0.1 0.1 0.3 0.6 1.3 1.8 2.4 1 0.9 2.7 1.8 0.2 0.1 0.4 0.1 0.3 0 1-0.9t0.9-0.9zM14 26.9q2.3 0 4.3-0.9t3.6-2.4 2.4-3.6 0.9-4.3-0.9-4.3-2.4-3.6-3.6-2.4-4.3-0.9-4.3 0.9-3.6 2.4-2.4 3.6-0.9 4.3q0 3.6 2.1 6.6l-1.4 4.2 4.3-1.4q2.8 1.9 6.2 1.9zM14 2.2q2.7 0 5.2 1.1t4.3 2.9 2.9 4.3 1.1 5.2-1.1 5.2-2.9 4.3-4.3 2.9-5.2 1.1q-3.5 0-6.5-1.7l-7.4 2.4 2.4-7.2q-1.9-3.2-1.9-6.9 0-2.7 1.1-5.2t2.9-4.3 4.3-2.9 5.2-1.1z\"\/><\/svg><\/span><\/a><\/li><li class=\"shariff-button mailto shariff-nocustomcolor\" style=\"background-color:#a8a8a8\"><a href=\"mailto:?body=https%3A%2F%2Fwww.zum.de%2Fportal%2Fgrundschule%2F&subject=Angebote%20f%C3%BCr%20die%20Grundschule\" title=\"Per E-Mail versenden\" aria-label=\"Per E-Mail versenden\" role=\"button\" rel=\"noopener nofollow\" class=\"shariff-link\" style=\"; background-color:#999; color:#fff\"><span class=\"shariff-icon\" style=\"\"><svg width=\"32px\" height=\"20px\" xmlns=\"http:\/\/www.w3.org\/2000\/svg\" viewBox=\"0 0 32 32\"><path fill=\"#999\" d=\"M32 12.7v14.2q0 1.2-0.8 2t-2 0.9h-26.3q-1.2 0-2-0.9t-0.8-2v-14.2q0.8 0.9 1.8 1.6 6.5 4.4 8.9 6.1 1 0.8 1.6 1.2t1.7 0.9 2 0.4h0.1q0.9 0 2-0.4t1.7-0.9 1.6-1.2q3-2.2 8.9-6.1 1-0.7 1.8-1.6zM32 7.4q0 1.4-0.9 2.7t-2.2 2.2q-6.7 4.7-8.4 5.8-0.2 0.1-0.7 0.5t-1 0.7-0.9 0.6-1.1 0.5-0.9 0.2h-0.1q-0.4 0-0.9-0.2t-1.1-0.5-0.9-0.6-1-0.7-0.7-0.5q-1.6-1.1-4.7-3.2t-3.6-2.6q-1.1-0.7-2.1-2t-1-2.5q0-1.4 0.7-2.3t2.1-0.9h26.3q1.2 0 2 0.8t0.9 2z\"\/><\/svg><\/span><\/a><\/li><\/ul><\/div>","protected":false},"excerpt":{"rendered":"<p>MEHR GRUNDSCHULSEITEN DAS GRUNDSCHULNETZ Das Startportal &#8222;Das Grundschulnetz&#8220; &#8211; &#8222;Grundsch\u00fcler im Internet&#8220;, wurde vor einigen Jahren &#8211; gef\u00f6rdert durch Mittel aus &#8222;Ein Netz f\u00fcr Kinder&#8220; &#8211; von Martin Leupold auf [&hellip;]<\/p>\n","protected":false},"author":2,"featured_media":0,"parent":0,"menu_order":53,"comment_status":"closed","ping_status":"closed","template":"","meta":{"_acf_changed":false,"gastautor_name":"","gastautor_foto":"","gastautor_funktion":"","gastautor_beschreibung":"","gastautor_css":"","testimonial_foto":"","testimonial_funktion":"","testimonial_zitat":"","testimonial_css":"","zum_angebot_logo":"","zum_angebot_farbe":"","zum_angebot_link":"","zum_angebot_beschreibung":"","footnotes":""},"class_list":["post-11227","page","type-page","status-publish","hentry"],"acf":[],"_links":{"self":[{"href":"https:\/\/www.zum.de\/portal\/wp-json\/wp\/v2\/pages\/11227","targetHints":{"allow":["GET"]}}],"collection":[{"href":"https:\/\/www.zum.de\/portal\/wp-json\/wp\/v2\/pages"}],"about":[{"href":"https:\/\/www.zum.de\/portal\/wp-json\/wp\/v2\/types\/page"}],"author":[{"embeddable":true,"href":"https:\/\/www.zum.de\/portal\/wp-json\/wp\/v2\/users\/2"}],"replies":[{"embeddable":true,"href":"https:\/\/www.zum.de\/portal\/wp-json\/wp\/v2\/comments?post=11227"}],"version-history":[{"count":16,"href":"https:\/\/www.zum.de\/portal\/wp-json\/wp\/v2\/pages\/11227\/revisions"}],"predecessor-version":[{"id":45006,"href":"https:\/\/www.zum.de\/portal\/wp-json\/wp\/v2\/pages\/11227\/revisions\/45006"}],"wp:attachment":[{"href":"https:\/\/www.zum.de\/portal\/wp-json\/wp\/v2\/media?parent=11227"}],"curies":[{"name":"wp","href":"https:\/\/api.w.org\/{rel}","templated":true}]}}

Angebote für die Grundschule

<p></p>



<h2 class="wp-block-heading" id="mehr-grundschulseiten">MEHR GRUNDSCHULSEITEN</h2>



<ul class="wp-block-list">
<li><a href="http://musik.zum.de/fichthorn/" target="_blank" rel="noreferrer noopener">Norbert Fichthorn: Grundschulhits für Kids</a></li>



<li><a href="http://www.zum.de/Faecher/grund/leupold/" target="_blank" rel="noreferrer noopener">Martin Leupold: Theorie und Praxis des Interneteinsatzes an Grundschulen, Hessen&nbsp;</a></li>



<li><a href="http://www.emelemel.de/" target="_blank" rel="noreferrer noopener">Martin Leupold: emel emel Materialien für Grundschullehrer, Hessen</a></li>



<li><a href="http://www.zum.de/buch/index.php?controller=front&amp;action=list&amp;subject=9" target="_blank" rel="noreferrer noopener">Buchempfehlungen für Grundschulen</a></li>
</ul>



<h2 class="wp-block-heading" id="das-grundschulnetz">DAS GRUNDSCHULNETZ</h2>



<p>Das Startportal &#8222;Das Grundschulnetz&#8220; &#8211; &#8222;Grundschüler im Internet&#8220;, wurde vor einigen Jahren &#8211; gefördert durch Mittel aus &#8222;Ein Netz für Kinder&#8220; &#8211; von Martin Leupold auf ZUM.de erstellt.</p>



<p>Inzwischen ist es in seiner ursprünglichen Form eingestellt und durch diese Seite hier, die Seite &#8222;Grundschule&#8220; (<a href="https://www.zum.de/portal/grundschule">grundschule.zum.de</a>) ersetzt&nbsp;worden.</p>



<!-- Matomo -->
<script>
  var _paq = window._paq = window._paq || [];
  /* tracker methods like "setCustomDimension" should be called before "trackPageView" */
  _paq.push(['trackPageView']);
  _paq.push(['enableLinkTracking']);
  (function() {
    var u="//stats.zum.de/";
    _paq.push(['setTrackerUrl', u+'matomo.php']);
    _paq.push(['setSiteId', '68']);
    var d=document, g=d.createElement('script'), s=d.getElementsByTagName('script')[0];
    g.async=true; g.src=u+'matomo.js'; s.parentNode.insertBefore(g,s);
  })();
</script>
<!-- End Matomo Code -->


<p><!-- /wp:post-content --></p>
<p><!-- wp:query --></p>
<div class="wp-block-query"></div>
<p><!-- /wp:query --></p>
<p><!-- wp:query --></p>
<div class="wp-block-query"></div>
<p><!-- /wp:query --></p><div class="shariff shariff-align-flex-start shariff-widget-align-flex-start" style="display:none" data-url="https%3A%2F%2Fwww.zum.de%2Fportal%2Fgrundschule%2F" data-timestamp="1751477482" data-backendurl="https://www.zum.de/portal/wp-json/shariff/v1/share_counts?"><div class="ShariffHeadline">Teilen</div><ul class="shariff-buttons theme-round orientation-horizontal buttonsize-medium"><li class="shariff-button whatsapp shariff-nocustomcolor shariff-mobile" style="background-color:#5cbe4a"><a href="https://api.whatsapp.com/send?text=https%3A%2F%2Fwww.zum.de%2Fportal%2Fgrundschule%2F%20Angebote%20f%C3%BCr%20die%20Grundschule" title="Bei Whatsapp teilen" aria-label="Bei Whatsapp teilen" role="button" rel="noopener nofollow" class="shariff-link" style="; background-color:#34af23; color:#fff" target="_blank"><span class="shariff-icon" style=""><svg width="32px" height="20px" xmlns="http://www.w3.org/2000/svg" viewBox="0 0 32 32"><path fill="#34af23" d="M17.6 17.4q0.2 0 1.7 0.8t1.6 0.9q0 0.1 0 0.3 0 0.6-0.3 1.4-0.3 0.7-1.3 1.2t-1.8 0.5q-1 0-3.4-1.1-1.7-0.8-3-2.1t-2.6-3.3q-1.3-1.9-1.3-3.5v-0.1q0.1-1.6 1.3-2.8 0.4-0.4 0.9-0.4 0.1 0 0.3 0t0.3 0q0.3 0 0.5 0.1t0.3 0.5q0.1 0.4 0.6 1.6t0.4 1.3q0 0.4-0.6 1t-0.6 0.8q0 0.1 0.1 0.3 0.6 1.3 1.8 2.4 1 0.9 2.7 1.8 0.2 0.1 0.4 0.1 0.3 0 1-0.9t0.9-0.9zM14 26.9q2.3 0 4.3-0.9t3.6-2.4 2.4-3.6 0.9-4.3-0.9-4.3-2.4-3.6-3.6-2.4-4.3-0.9-4.3 0.9-3.6 2.4-2.4 3.6-0.9 4.3q0 3.6 2.1 6.6l-1.4 4.2 4.3-1.4q2.8 1.9 6.2 1.9zM14 2.2q2.7 0 5.2 1.1t4.3 2.9 2.9 4.3 1.1 5.2-1.1 5.2-2.9 4.3-4.3 2.9-5.2 1.1q-3.5 0-6.5-1.7l-7.4 2.4 2.4-7.2q-1.9-3.2-1.9-6.9 0-2.7 1.1-5.2t2.9-4.3 4.3-2.9 5.2-1.1z"/></svg></span></a></li><li class="shariff-button mailto shariff-nocustomcolor" style="background-color:#a8a8a8"><a href="mailto:?body=https%3A%2F%2Fwww.zum.de%2Fportal%2Fgrundschule%2F&subject=Angebote%20f%C3%BCr%20die%20Grundschule" title="Per E-Mail versenden" aria-label="Per E-Mail versenden" role="button" rel="noopener nofollow" class="shariff-link" style="; background-color:#999; color:#fff"><span class="shariff-icon" style=""><svg width="32px" height="20px" xmlns="http://www.w3.org/2000/svg" viewBox="0 0 32 32"><path fill="#999" d="M32 12.7v14.2q0 1.2-0.8 2t-2 0.9h-26.3q-1.2 0-2-0.9t-0.8-2v-14.2q0.8 0.9 1.8 1.6 6.5 4.4 8.9 6.1 1 0.8 1.6 1.2t1.7 0.9 2 0.4h0.1q0.9 0 2-0.4t1.7-0.9 1.6-1.2q3-2.2 8.9-6.1 1-0.7 1.8-1.6zM32 7.4q0 1.4-0.9 2.7t-2.2 2.2q-6.7 4.7-8.4 5.8-0.2 0.1-0.7 0.5t-1 0.7-0.9 0.6-1.1 0.5-0.9 0.2h-0.1q-0.4 0-0.9-0.2t-1.1-0.5-0.9-0.6-1-0.7-0.7-0.5q-1.6-1.1-4.7-3.2t-3.6-2.6q-1.1-0.7-2.1-2t-1-2.5q0-1.4 0.7-2.3t2.1-0.9h26.3q1.2 0 2 0.8t0.9 2z"/></svg></span></a></li></ul></div>

<p>MEHR GRUNDSCHULSEITEN DAS GRUNDSCHULNETZ Das Startportal &#8222;Das Grundschulnetz&#8220; &#8211; &#8222;Grundschüler im Internet&#8220;, wurde vor einigen Jahren &#8211; gefördert durch Mittel aus &#8222;Ein Netz für Kinder&#8220; &#8211; von Martin Leupold auf [&hellip;]</p>
