{"id":12809,"date":"2022-05-23T14:35:03","date_gmt":"2022-05-23T12:35:03","guid":{"rendered":"https:\/\/www.zum.de\/portal\/?page_id=12809"},"modified":"2022-05-23T14:51:44","modified_gmt":"2022-05-23T12:51:44","slug":"zum-grundschulpost","status":"publish","type":"page","link":"https:\/\/www.zum.de\/portal\/zum-grundschulpost\/","title":{"rendered":"ZUM-Grundschulpost"},"content":{"rendered":"\n<h2 class=\"wp-block-heading\">Informationen f\u00fcr Kinder<\/h2>\n\n\n\n<div class=\"wp-block-image\"><figure class=\"alignright size-full\"><img loading=\"lazy\" decoding=\"async\" width=\"100\" height=\"100\" src=\"https:\/\/www.zum.de\/portal\/wp-content\/uploads\/2_grundschulpost-Logo-2-100x100-1.png\" alt=\"\" class=\"wp-image-11221\" srcset=\"https:\/\/www.zum.de\/portal\/wp-content\/uploads\/2_grundschulpost-Logo-2-100x100-1.png 100w, https:\/\/www.zum.de\/portal\/wp-content\/uploads\/2_grundschulpost-Logo-2-100x100-1-150x150.png 150w, https:\/\/www.zum.de\/portal\/wp-content\/uploads\/2_grundschulpost-Logo-2-100x100-1-800x800.png 800w\" sizes=\"auto, (max-width: 100px) 100vw, 100px\" \/><\/figure><\/div>\n\n\n\n<p>Du m\u00f6chtest gern eine E-Mail-Adresse haben, mit der Du Dich mit Deinen Freundinnen und Freunden unterhalten, ihnen Briefe schreiben oder Bilder schicken kannst?<\/p>\n\n\n\n<p><strong>Dann bist Du hier genau richtig!<\/strong><\/p>\n\n\n\n<p>Bei uns kannst du dich aber nur mit mit Hilfe eines Erwachsenen anmelden, damit du vor \u00c4rger und Problemen gesch\u00fctzt bist.&nbsp;<\/p>\n\n\n\n<p>Wie das genau funktioniert, findet man auf der Seite <a href=\"https:\/\/www.zum.de\/portal\/ZUM-Grundschulpost-Erwachsene\">f\u00fcr Erwachsene.<\/a><\/p>\n\n\n\n<p>Also frage doch einfach Mama oder Papa, Deinen Lehrer \/ Deine Lehrerin oder aber Deinen Betreuer \/ Deine Betreuerin, die k\u00f6nnen f\u00fcr Dich eine E-Mail-Adresse einrichten. Daf\u00fcr sollen sie sich einfach bei uns melden.<\/p>\n\n\n\n<div class=\"wp-block-buttons is-content-justification-center is-layout-flex wp-container-core-buttons-is-layout-16018d1d wp-block-buttons-is-layout-flex\">\n<div class=\"wp-block-button is-style-outline is-style-outline--1\"><a class=\"wp-block-button__link\" href=\"https:\/\/www.zum-mail.de\/grundschule\/e-mail\/\">Anmelden<\/a><\/div>\n<\/div>\n<div class=\"shariff shariff-align-flex-start shariff-widget-align-flex-start\" style=\"display:none\" data-url=\"https%3A%2F%2Fwww.zum.de%2Fportal%2Fzum-grundschulpost%2F\" data-timestamp=\"1653317504\" data-backendurl=\"https:\/\/www.zum.de\/portal\/wp-json\/shariff\/v1\/share_counts?\"><div class=\"ShariffHeadline\">Teilen<\/div><ul class=\"shariff-buttons theme-round orientation-horizontal buttonsize-medium\"><li class=\"shariff-button whatsapp shariff-nocustomcolor shariff-mobile\" style=\"background-color:#5cbe4a\"><a href=\"https:\/\/api.whatsapp.com\/send?text=https%3A%2F%2Fwww.zum.de%2Fportal%2Fzum-grundschulpost%2F%20ZUM-Grundschulpost\" title=\"Bei Whatsapp teilen\" aria-label=\"Bei Whatsapp teilen\" role=\"button\" rel=\"noopener nofollow\" class=\"shariff-link\" style=\"; background-color:#34af23; color:#fff\" target=\"_blank\"><span class=\"shariff-icon\" style=\"\"><svg width=\"32px\" height=\"20px\" xmlns=\"http:\/\/www.w3.org\/2000\/svg\" viewBox=\"0 0 32 32\"><path fill=\"#34af23\" d=\"M17.6 17.4q0.2 0 1.7 0.8t1.6 0.9q0 0.1 0 0.3 0 0.6-0.3 1.4-0.3 0.7-1.3 1.2t-1.8 0.5q-1 0-3.4-1.1-1.7-0.8-3-2.1t-2.6-3.3q-1.3-1.9-1.3-3.5v-0.1q0.1-1.6 1.3-2.8 0.4-0.4 0.9-0.4 0.1 0 0.3 0t0.3 0q0.3 0 0.5 0.1t0.3 0.5q0.1 0.4 0.6 1.6t0.4 1.3q0 0.4-0.6 1t-0.6 0.8q0 0.1 0.1 0.3 0.6 1.3 1.8 2.4 1 0.9 2.7 1.8 0.2 0.1 0.4 0.1 0.3 0 1-0.9t0.9-0.9zM14 26.9q2.3 0 4.3-0.9t3.6-2.4 2.4-3.6 0.9-4.3-0.9-4.3-2.4-3.6-3.6-2.4-4.3-0.9-4.3 0.9-3.6 2.4-2.4 3.6-0.9 4.3q0 3.6 2.1 6.6l-1.4 4.2 4.3-1.4q2.8 1.9 6.2 1.9zM14 2.2q2.7 0 5.2 1.1t4.3 2.9 2.9 4.3 1.1 5.2-1.1 5.2-2.9 4.3-4.3 2.9-5.2 1.1q-3.5 0-6.5-1.7l-7.4 2.4 2.4-7.2q-1.9-3.2-1.9-6.9 0-2.7 1.1-5.2t2.9-4.3 4.3-2.9 5.2-1.1z\"\/><\/svg><\/span><\/a><\/li><li class=\"shariff-button mailto shariff-nocustomcolor\" style=\"background-color:#a8a8a8\"><a href=\"mailto:?body=https%3A%2F%2Fwww.zum.de%2Fportal%2Fzum-grundschulpost%2F&subject=ZUM-Grundschulpost\" title=\"Per E-Mail versenden\" aria-label=\"Per E-Mail versenden\" role=\"button\" rel=\"noopener nofollow\" class=\"shariff-link\" style=\"; background-color:#999; color:#fff\"><span class=\"shariff-icon\" style=\"\"><svg width=\"32px\" height=\"20px\" xmlns=\"http:\/\/www.w3.org\/2000\/svg\" viewBox=\"0 0 32 32\"><path fill=\"#999\" d=\"M32 12.7v14.2q0 1.2-0.8 2t-2 0.9h-26.3q-1.2 0-2-0.9t-0.8-2v-14.2q0.8 0.9 1.8 1.6 6.5 4.4 8.9 6.1 1 0.8 1.6 1.2t1.7 0.9 2 0.4h0.1q0.9 0 2-0.4t1.7-0.9 1.6-1.2q3-2.2 8.9-6.1 1-0.7 1.8-1.6zM32 7.4q0 1.4-0.9 2.7t-2.2 2.2q-6.7 4.7-8.4 5.8-0.2 0.1-0.7 0.5t-1 0.7-0.9 0.6-1.1 0.5-0.9 0.2h-0.1q-0.4 0-0.9-0.2t-1.1-0.5-0.9-0.6-1-0.7-0.7-0.5q-1.6-1.1-4.7-3.2t-3.6-2.6q-1.1-0.7-2.1-2t-1-2.5q0-1.4 0.7-2.3t2.1-0.9h26.3q1.2 0 2 0.8t0.9 2z\"\/><\/svg><\/span><\/a><\/li><\/ul><\/div>","protected":false},"excerpt":{"rendered":"<p>Informationen f\u00fcr Kinder Du m\u00f6chtest gern eine E-Mail-Adresse haben, mit der Du Dich mit Deinen Freundinnen und Freunden unterhalten, ihnen Briefe schreiben oder Bilder schicken kannst? Dann bist Du hier [&hellip;]<\/p>\n","protected":false},"author":278,"featured_media":0,"parent":0,"menu_order":37,"comment_status":"closed","ping_status":"closed","template":"","meta":{"_acf_changed":false,"gastautor_name":"","gastautor_foto":"","gastautor_funktion":"","gastautor_beschreibung":"","gastautor_css":"","testimonial_foto":"","testimonial_funktion":"","testimonial_zitat":"","testimonial_css":"","zum_angebot_logo":"","zum_angebot_farbe":"","zum_angebot_link":"","zum_angebot_beschreibung":"","footnotes":""},"class_list":["post-12809","page","type-page","status-publish","hentry"],"acf":[],"_links":{"self":[{"href":"https:\/\/www.zum.de\/portal\/wp-json\/wp\/v2\/pages\/12809","targetHints":{"allow":["GET"]}}],"collection":[{"href":"https:\/\/www.zum.de\/portal\/wp-json\/wp\/v2\/pages"}],"about":[{"href":"https:\/\/www.zum.de\/portal\/wp-json\/wp\/v2\/types\/page"}],"author":[{"embeddable":true,"href":"https:\/\/www.zum.de\/portal\/wp-json\/wp\/v2\/users\/278"}],"replies":[{"embeddable":true,"href":"https:\/\/www.zum.de\/portal\/wp-json\/wp\/v2\/comments?post=12809"}],"version-history":[{"count":6,"href":"https:\/\/www.zum.de\/portal\/wp-json\/wp\/v2\/pages\/12809\/revisions"}],"predecessor-version":[{"id":12825,"href":"https:\/\/www.zum.de\/portal\/wp-json\/wp\/v2\/pages\/12809\/revisions\/12825"}],"wp:attachment":[{"href":"https:\/\/www.zum.de\/portal\/wp-json\/wp\/v2\/media?parent=12809"}],"curies":[{"name":"wp","href":"https:\/\/api.w.org\/{rel}","templated":true}]}}