{"id":1508,"date":"2021-07-16T21:49:44","date_gmt":"2021-07-16T19:49:44","guid":{"rendered":"https:\/\/wp-test.zum.de\/?page_id=1508"},"modified":"2026-02-22T09:12:20","modified_gmt":"2026-02-22T08:12:20","slug":"impressum","status":"publish","type":"page","link":"https:\/\/www.zum.de\/portal\/impressum\/","title":{"rendered":"Impressum"},"content":{"rendered":"\n<h2 class=\"wp-block-heading\" id=\"angaben-gem--5-tmg\">Angaben gem\u00e4\u00df \u00a7 5 TMG<a href=\"https:\/\/www.zum.de\/portal\/impressum#undefined\"><\/a><\/h2>\n\n\n\n<p>Zentrale f\u00fcr Unterrichtsmedien im Internet e. V. (ZUM)<br>c\/o Tina Neff<br>Kirchstra\u00dfe 60a<br>48249 D\u00fclmen<br>Deutschland&nbsp;<\/p>\n\n\n\n<h2 class=\"wp-block-heading\" id=\"vertreten-durch\">Vertreten durch<a href=\"https:\/\/www.zum.de\/portal\/impressum#undefined\"><\/a><\/h2>\n\n\n\n<div class=\"wp-block-group\"><div class=\"wp-block-group__inner-container is-layout-constrained wp-block-group-is-layout-constrained\">\n<div class=\"wp-block-group\"><div class=\"wp-block-group__inner-container is-layout-constrained wp-block-group-is-layout-constrained\">\n<div class=\"wp-block-columns is-layout-flex wp-container-core-columns-is-layout-9d6595d7 wp-block-columns-is-layout-flex\">\n<div class=\"wp-block-column is-layout-flow wp-block-column-is-layout-flow\" style=\"flex-basis:100%\">\n<ul class=\"wp-block-list\">\n<li>Tina Neff (1. Vorsitzende)<\/li>\n\n\n\n<li>Dr. Klaus Dautel (Kassenwart)<\/li>\n\n\n\n<li>Mandy Sch\u00fctze<\/li>\n\n\n\n<li>Maria Eirich<\/li>\n\n\n\n<li>Ralf Kl\u00f6tzke<\/li>\n\n\n\n<li>Patrick Oberd\u00f6rfer<\/li>\n\n\n\n<li>Alex Weller<\/li>\n<\/ul>\n<\/div>\n<\/div>\n<\/div><\/div>\n\n\n\n<h2 class=\"wp-block-heading\" id=\"kontakt\">Kontakt<a href=\"https:\/\/www.zum.de\/portal\/impressum#undefined\"><\/a><\/h2>\n<\/div><\/div>\n\n\n\n<p>E-Mail: <a href=\"mailto:info@zum.de\">info@zum.de<\/a><\/p>\n\n\n\n<h2 class=\"wp-block-heading\" id=\"registereintrag\">Registereintrag<a href=\"https:\/\/www.zum.de\/portal\/impressum#undefined\"><\/a><\/h2>\n\n\n\n<p>Eintragung im Vereinsregister<br>Registergericht: Amtsgericht Freiburg<br>Registernummer: 3070<\/p>\n\n\n\n<h2 class=\"wp-block-heading\" id=\"verantwortlich-fr-den-inhalt-nach--55-abs-2-rstv\">Verantwortlich f\u00fcr den Inhalt nach \u00a7 55 Abs. 2 RStV<a href=\"https:\/\/www.zum.de\/portal\/impressum#undefined\"><\/a><\/h2>\n\n\n\n<p>Tina Neff<br>Kirchstra\u00dfe 60a<br>D-48249 D\u00fclmen<\/p>\n\n\n\n<h2 class=\"wp-block-heading\" id=\"haftungsausschluss-disclaimer\">Haftungsausschluss (Disclaimer)<a href=\"https:\/\/www.zum.de\/portal\/impressum#undefined\"><\/a><\/h2>\n\n\n\n<p><strong>Haftung f\u00fcr Inhalte<\/strong><\/p>\n\n\n\n<p>Als Diensteanbieter sind wir gem\u00e4\u00df \u00a7 7 Abs.1 TMG f\u00fcr eigene Inhalte auf diesen Seiten nach den allgemeinen Gesetzen verantwortlich. Nach \u00a7\u00a7 8 bis 10 TMG sind wir als Diensteanbieter jedoch nicht verpflichtet, \u00fcbermittelte oder gespeicherte fremde Informationen zu \u00fcberwachen oder nach Umst\u00e4nden zu forschen, die auf eine rechtswidrige T\u00e4tigkeit hinweisen. Verpflichtungen zur Entfernung oder Sperrung der Nutzung von Informationen nach den allgemeinen Gesetzen bleiben hiervon unber\u00fchrt. Eine diesbez\u00fcgliche Haftung ist jedoch erst ab dem Zeitpunkt der Kenntnis einer konkreten Rechtsverletzung m\u00f6glich. Bei Bekanntwerden von entsprechenden Rechtsverletzungen werden wir diese Inhalte umgehend entfernen.<\/p>\n\n\n\n<p><strong>Haftung f\u00fcr Links<\/strong><\/p>\n\n\n\n<p>Unser Angebot enth\u00e4lt Links zu externen Webseiten Dritter, auf deren Inhalte wir keinen Einfluss haben. Deshalb k\u00f6nnen wir f\u00fcr diese fremden Inhalte auch keine Gew\u00e4hr \u00fcbernehmen. F\u00fcr die Inhalte der verlinkten Seiten ist stets der jeweilige Anbieter oder Betreiber der Seiten verantwortlich. Die verlinkten Seiten wurden zum Zeitpunkt der Verlinkung auf m\u00f6gliche Rechtsverst\u00f6\u00dfe \u00fcberpr\u00fcft. Rechtswidrige Inhalte waren zum Zeitpunkt der Verlinkung nicht erkennbar. Eine permanente inhaltliche Kontrolle der verlinkten Seiten ist jedoch ohne konkrete Anhaltspunkte einer Rechtsverletzung nicht zumutbar. Bei Bekanntwerden von Rechtsverletzungen werden wir derartige Links umgehend entfernen.<\/p>\n\n\n\n<p><strong>Urheberrecht<\/strong><\/p>\n\n\n\n<p>Die durch die Seitenbetreiber erstellten Inhalte und Werke auf diesen Seiten ZUM.de unterliegen dem deutschen Urheberrecht. Die Vervielf\u00e4ltigung, Bearbeitung, Verbreitung und jede Art der Verwertung au\u00dferhalb der Grenzen des Urheberrechtes bed\u00fcrfen der schriftlichen Zustimmung des jeweiligen Autors bzw. Erstellers. Downloads und Kopien dieser Seite sind nur f\u00fcr den privaten, nicht kommerziellen Gebrauch gestattet. <strong>In den meisten unserer Materialpools, -portale und Tools gelten andere Lizenzen, oftmals Creative-Commons-Lizenzen. Wir bitten die Regelungen in den unterschiedlichen Bereichen zu beachten. <\/strong><\/p>\n\n\n\n<p>Soweit die Inhalte auf dieser Seite nicht vom Betreiber erstellt wurden, werden die Urheberrechte Dritter beachtet. Insbesondere werden Inhalte Dritter als solche gekennzeichnet. Sollten Sie trotzdem auf eine Urheberrechtsverletzung aufmerksam werden, bitten wir um einen entsprechenden Hinweis. Bei Bekanntwerden von Rechtsverletzungen werden wir derartige Inhalte umgehend entfernen.<\/p>\n\n\n\n<h2 class=\"wp-block-heading\" id=\"datenschutzerklrung\">Datenschutzerkl\u00e4rung<a href=\"https:\/\/www.zum.de\/portal\/impressum#undefined\"><\/a><\/h2>\n\n\n\n<p><strong>Siehe <a href=\"https:\/\/www.zum.de\/portal\/datenschutz\/\" data-type=\"link\" data-id=\"https:\/\/zum.de\/datenschutz\/\">Datenschutz<\/a>.<\/strong><\/p>\n<div class=\"shariff shariff-align-flex-start shariff-widget-align-flex-start\" style=\"display:none\" data-url=\"https%3A%2F%2Fwww.zum.de%2Fportal%2Fimpressum%2F\" data-timestamp=\"1771751540\" data-backendurl=\"https:\/\/www.zum.de\/portal\/wp-json\/shariff\/v1\/share_counts?\"><div class=\"ShariffHeadline\">Teilen<\/div><ul class=\"shariff-buttons theme-round orientation-horizontal buttonsize-medium\"><li class=\"shariff-button whatsapp shariff-nocustomcolor shariff-mobile\" style=\"background-color:#5cbe4a\"><a href=\"https:\/\/api.whatsapp.com\/send?text=https%3A%2F%2Fwww.zum.de%2Fportal%2Fimpressum%2F%20Impressum\" title=\"Bei Whatsapp teilen\" aria-label=\"Bei Whatsapp teilen\" role=\"button\" rel=\"noopener nofollow\" class=\"shariff-link\" style=\"; background-color:#34af23; color:#fff\" target=\"_blank\"><span class=\"shariff-icon\" style=\"\"><svg width=\"32px\" height=\"20px\" xmlns=\"http:\/\/www.w3.org\/2000\/svg\" viewBox=\"0 0 32 32\"><path fill=\"#34af23\" d=\"M17.6 17.4q0.2 0 1.7 0.8t1.6 0.9q0 0.1 0 0.3 0 0.6-0.3 1.4-0.3 0.7-1.3 1.2t-1.8 0.5q-1 0-3.4-1.1-1.7-0.8-3-2.1t-2.6-3.3q-1.3-1.9-1.3-3.5v-0.1q0.1-1.6 1.3-2.8 0.4-0.4 0.9-0.4 0.1 0 0.3 0t0.3 0q0.3 0 0.5 0.1t0.3 0.5q0.1 0.4 0.6 1.6t0.4 1.3q0 0.4-0.6 1t-0.6 0.8q0 0.1 0.1 0.3 0.6 1.3 1.8 2.4 1 0.9 2.7 1.8 0.2 0.1 0.4 0.1 0.3 0 1-0.9t0.9-0.9zM14 26.9q2.3 0 4.3-0.9t3.6-2.4 2.4-3.6 0.9-4.3-0.9-4.3-2.4-3.6-3.6-2.4-4.3-0.9-4.3 0.9-3.6 2.4-2.4 3.6-0.9 4.3q0 3.6 2.1 6.6l-1.4 4.2 4.3-1.4q2.8 1.9 6.2 1.9zM14 2.2q2.7 0 5.2 1.1t4.3 2.9 2.9 4.3 1.1 5.2-1.1 5.2-2.9 4.3-4.3 2.9-5.2 1.1q-3.5 0-6.5-1.7l-7.4 2.4 2.4-7.2q-1.9-3.2-1.9-6.9 0-2.7 1.1-5.2t2.9-4.3 4.3-2.9 5.2-1.1z\"\/><\/svg><\/span><\/a><\/li><li class=\"shariff-button mailto shariff-nocustomcolor\" style=\"background-color:#a8a8a8\"><a href=\"mailto:?body=https%3A%2F%2Fwww.zum.de%2Fportal%2Fimpressum%2F&subject=Impressum\" title=\"Per E-Mail versenden\" aria-label=\"Per E-Mail versenden\" role=\"button\" rel=\"noopener nofollow\" class=\"shariff-link\" style=\"; background-color:#999; color:#fff\"><span class=\"shariff-icon\" style=\"\"><svg width=\"32px\" height=\"20px\" xmlns=\"http:\/\/www.w3.org\/2000\/svg\" viewBox=\"0 0 32 32\"><path fill=\"#999\" d=\"M32 12.7v14.2q0 1.2-0.8 2t-2 0.9h-26.3q-1.2 0-2-0.9t-0.8-2v-14.2q0.8 0.9 1.8 1.6 6.5 4.4 8.9 6.1 1 0.8 1.6 1.2t1.7 0.9 2 0.4h0.1q0.9 0 2-0.4t1.7-0.9 1.6-1.2q3-2.2 8.9-6.1 1-0.7 1.8-1.6zM32 7.4q0 1.4-0.9 2.7t-2.2 2.2q-6.7 4.7-8.4 5.8-0.2 0.1-0.7 0.5t-1 0.7-0.9 0.6-1.1 0.5-0.9 0.2h-0.1q-0.4 0-0.9-0.2t-1.1-0.5-0.9-0.6-1-0.7-0.7-0.5q-1.6-1.1-4.7-3.2t-3.6-2.6q-1.1-0.7-2.1-2t-1-2.5q0-1.4 0.7-2.3t2.1-0.9h26.3q1.2 0 2 0.8t0.9 2z\"\/><\/svg><\/span><\/a><\/li><\/ul><\/div>","protected":false},"excerpt":{"rendered":"<p>Angaben gem\u00e4\u00df \u00a7 5 TMG Zentrale f\u00fcr Unterrichtsmedien im Internet e. V. (ZUM)c\/o Tina NeffKirchstra\u00dfe 60a48249 D\u00fclmenDeutschland&nbsp; Vertreten durch Kontakt E-Mail: info@zum.de Registereintrag Eintragung im VereinsregisterRegistergericht: Amtsgericht FreiburgRegisternummer: 3070 Verantwortlich [&hellip;]<\/p>\n","protected":false},"author":2,"featured_media":0,"parent":0,"menu_order":61,"comment_status":"closed","ping_status":"open","template":"","meta":{"_acf_changed":false,"gastautor_name":"","gastautor_foto":"","gastautor_funktion":"","gastautor_beschreibung":"","gastautor_css":"","testimonial_foto":"","testimonial_funktion":"","testimonial_zitat":"","testimonial_css":"","zum_angebot_logo":"","zum_angebot_farbe":"","zum_angebot_link":"","zum_angebot_beschreibung":"","footnotes":""},"class_list":["post-1508","page","type-page","status-publish","hentry"],"acf":[],"_links":{"self":[{"href":"https:\/\/www.zum.de\/portal\/wp-json\/wp\/v2\/pages\/1508","targetHints":{"allow":["GET"]}}],"collection":[{"href":"https:\/\/www.zum.de\/portal\/wp-json\/wp\/v2\/pages"}],"about":[{"href":"https:\/\/www.zum.de\/portal\/wp-json\/wp\/v2\/types\/page"}],"author":[{"embeddable":true,"href":"https:\/\/www.zum.de\/portal\/wp-json\/wp\/v2\/users\/2"}],"replies":[{"embeddable":true,"href":"https:\/\/www.zum.de\/portal\/wp-json\/wp\/v2\/comments?post=1508"}],"version-history":[{"count":11,"href":"https:\/\/www.zum.de\/portal\/wp-json\/wp\/v2\/pages\/1508\/revisions"}],"predecessor-version":[{"id":51310,"href":"https:\/\/www.zum.de\/portal\/wp-json\/wp\/v2\/pages\/1508\/revisions\/51310"}],"wp:attachment":[{"href":"https:\/\/www.zum.de\/portal\/wp-json\/wp\/v2\/media?parent=1508"}],"curies":[{"name":"wp","href":"https:\/\/api.w.org\/{rel}","templated":true}]}}

<h2 class="wp-block-heading" id="angaben-gem--5-tmg">Angaben gemäß § 5 TMG<a href="https://www.zum.de/portal/impressum#undefined"></a></h2>



<p>Zentrale für Unterrichtsmedien im Internet e. V. (ZUM)<br>c/o Tina Neff<br>Kirchstraße 60a<br>48249 Dülmen<br>Deutschland&nbsp;</p>



<h2 class="wp-block-heading" id="vertreten-durch">Vertreten durch<a href="https://www.zum.de/portal/impressum#undefined"></a></h2>



<div class="wp-block-group"><div class="wp-block-group__inner-container is-layout-constrained wp-block-group-is-layout-constrained">
<div class="wp-block-group"><div class="wp-block-group__inner-container is-layout-constrained wp-block-group-is-layout-constrained">
<div class="wp-block-columns is-layout-flex wp-container-core-columns-is-layout-9d6595d7 wp-block-columns-is-layout-flex">
<div class="wp-block-column is-layout-flow wp-block-column-is-layout-flow" style="flex-basis:100%">
<ul class="wp-block-list">
<li>Tina Neff (1. Vorsitzende)</li>



<li>Dr. Klaus Dautel (Kassenwart)</li>



<li>Mandy Schütze</li>



<li>Maria Eirich</li>



<li>Ralf Klötzke</li>



<li>Patrick Oberdörfer</li>



<li>Alex Weller</li>
</ul>
</div>
</div>
</div></div>



<h2 class="wp-block-heading" id="kontakt">Kontakt<a href="https://www.zum.de/portal/impressum#undefined"></a></h2>
</div></div>



<p>E-Mail: <a href="mailto:info@zum.de">info@zum.de</a></p>



<h2 class="wp-block-heading" id="registereintrag">Registereintrag<a href="https://www.zum.de/portal/impressum#undefined"></a></h2>



<p>Eintragung im Vereinsregister<br>Registergericht: Amtsgericht Freiburg<br>Registernummer: 3070</p>



<h2 class="wp-block-heading" id="verantwortlich-fr-den-inhalt-nach--55-abs-2-rstv">Verantwortlich für den Inhalt nach § 55 Abs. 2 RStV<a href="https://www.zum.de/portal/impressum#undefined"></a></h2>



<p>Tina Neff<br>Kirchstraße 60a<br>D-48249 Dülmen</p>



<h2 class="wp-block-heading" id="haftungsausschluss-disclaimer">Haftungsausschluss (Disclaimer)<a href="https://www.zum.de/portal/impressum#undefined"></a></h2>



<p><strong>Haftung für Inhalte</strong></p>



<p>Als Diensteanbieter sind wir gemäß § 7 Abs.1 TMG für eigene Inhalte auf diesen Seiten nach den allgemeinen Gesetzen verantwortlich. Nach §§ 8 bis 10 TMG sind wir als Diensteanbieter jedoch nicht verpflichtet, übermittelte oder gespeicherte fremde Informationen zu überwachen oder nach Umständen zu forschen, die auf eine rechtswidrige Tätigkeit hinweisen. Verpflichtungen zur Entfernung oder Sperrung der Nutzung von Informationen nach den allgemeinen Gesetzen bleiben hiervon unberührt. Eine diesbezügliche Haftung ist jedoch erst ab dem Zeitpunkt der Kenntnis einer konkreten Rechtsverletzung möglich. Bei Bekanntwerden von entsprechenden Rechtsverletzungen werden wir diese Inhalte umgehend entfernen.</p>



<p><strong>Haftung für Links</strong></p>



<p>Unser Angebot enthält Links zu externen Webseiten Dritter, auf deren Inhalte wir keinen Einfluss haben. Deshalb können wir für diese fremden Inhalte auch keine Gewähr übernehmen. Für die Inhalte der verlinkten Seiten ist stets der jeweilige Anbieter oder Betreiber der Seiten verantwortlich. Die verlinkten Seiten wurden zum Zeitpunkt der Verlinkung auf mögliche Rechtsverstöße überprüft. Rechtswidrige Inhalte waren zum Zeitpunkt der Verlinkung nicht erkennbar. Eine permanente inhaltliche Kontrolle der verlinkten Seiten ist jedoch ohne konkrete Anhaltspunkte einer Rechtsverletzung nicht zumutbar. Bei Bekanntwerden von Rechtsverletzungen werden wir derartige Links umgehend entfernen.</p>



<p><strong>Urheberrecht</strong></p>



<p>Die durch die Seitenbetreiber erstellten Inhalte und Werke auf diesen Seiten ZUM.de unterliegen dem deutschen Urheberrecht. Die Vervielfältigung, Bearbeitung, Verbreitung und jede Art der Verwertung außerhalb der Grenzen des Urheberrechtes bedürfen der schriftlichen Zustimmung des jeweiligen Autors bzw. Erstellers. Downloads und Kopien dieser Seite sind nur für den privaten, nicht kommerziellen Gebrauch gestattet. <strong>In den meisten unserer Materialpools, -portale und Tools gelten andere Lizenzen, oftmals Creative-Commons-Lizenzen. Wir bitten die Regelungen in den unterschiedlichen Bereichen zu beachten. </strong></p>



<p>Soweit die Inhalte auf dieser Seite nicht vom Betreiber erstellt wurden, werden die Urheberrechte Dritter beachtet. Insbesondere werden Inhalte Dritter als solche gekennzeichnet. Sollten Sie trotzdem auf eine Urheberrechtsverletzung aufmerksam werden, bitten wir um einen entsprechenden Hinweis. Bei Bekanntwerden von Rechtsverletzungen werden wir derartige Inhalte umgehend entfernen.</p>



<h2 class="wp-block-heading" id="datenschutzerklrung">Datenschutzerklärung<a href="https://www.zum.de/portal/impressum#undefined"></a></h2>



<p><strong>Siehe <a href="https://www.zum.de/portal/datenschutz/" data-type="link" data-id="https://zum.de/datenschutz/">Datenschutz</a>.</strong></p>
<div class="shariff shariff-align-flex-start shariff-widget-align-flex-start" style="display:none" data-url="https%3A%2F%2Fwww.zum.de%2Fportal%2Fimpressum%2F" data-timestamp="1771751540" data-backendurl="https://www.zum.de/portal/wp-json/shariff/v1/share_counts?"><div class="ShariffHeadline">Teilen</div><ul class="shariff-buttons theme-round orientation-horizontal buttonsize-medium"><li class="shariff-button whatsapp shariff-nocustomcolor shariff-mobile" style="background-color:#5cbe4a"><a href="https://api.whatsapp.com/send?text=https%3A%2F%2Fwww.zum.de%2Fportal%2Fimpressum%2F%20Impressum" title="Bei Whatsapp teilen" aria-label="Bei Whatsapp teilen" role="button" rel="noopener nofollow" class="shariff-link" style="; background-color:#34af23; color:#fff" target="_blank"><span class="shariff-icon" style=""><svg width="32px" height="20px" xmlns="http://www.w3.org/2000/svg" viewBox="0 0 32 32"><path fill="#34af23" d="M17.6 17.4q0.2 0 1.7 0.8t1.6 0.9q0 0.1 0 0.3 0 0.6-0.3 1.4-0.3 0.7-1.3 1.2t-1.8 0.5q-1 0-3.4-1.1-1.7-0.8-3-2.1t-2.6-3.3q-1.3-1.9-1.3-3.5v-0.1q0.1-1.6 1.3-2.8 0.4-0.4 0.9-0.4 0.1 0 0.3 0t0.3 0q0.3 0 0.5 0.1t0.3 0.5q0.1 0.4 0.6 1.6t0.4 1.3q0 0.4-0.6 1t-0.6 0.8q0 0.1 0.1 0.3 0.6 1.3 1.8 2.4 1 0.9 2.7 1.8 0.2 0.1 0.4 0.1 0.3 0 1-0.9t0.9-0.9zM14 26.9q2.3 0 4.3-0.9t3.6-2.4 2.4-3.6 0.9-4.3-0.9-4.3-2.4-3.6-3.6-2.4-4.3-0.9-4.3 0.9-3.6 2.4-2.4 3.6-0.9 4.3q0 3.6 2.1 6.6l-1.4 4.2 4.3-1.4q2.8 1.9 6.2 1.9zM14 2.2q2.7 0 5.2 1.1t4.3 2.9 2.9 4.3 1.1 5.2-1.1 5.2-2.9 4.3-4.3 2.9-5.2 1.1q-3.5 0-6.5-1.7l-7.4 2.4 2.4-7.2q-1.9-3.2-1.9-6.9 0-2.7 1.1-5.2t2.9-4.3 4.3-2.9 5.2-1.1z"/></svg></span></a></li><li class="shariff-button mailto shariff-nocustomcolor" style="background-color:#a8a8a8"><a href="mailto:?body=https%3A%2F%2Fwww.zum.de%2Fportal%2Fimpressum%2F&subject=Impressum" title="Per E-Mail versenden" aria-label="Per E-Mail versenden" role="button" rel="noopener nofollow" class="shariff-link" style="; background-color:#999; color:#fff"><span class="shariff-icon" style=""><svg width="32px" height="20px" xmlns="http://www.w3.org/2000/svg" viewBox="0 0 32 32"><path fill="#999" d="M32 12.7v14.2q0 1.2-0.8 2t-2 0.9h-26.3q-1.2 0-2-0.9t-0.8-2v-14.2q0.8 0.9 1.8 1.6 6.5 4.4 8.9 6.1 1 0.8 1.6 1.2t1.7 0.9 2 0.4h0.1q0.9 0 2-0.4t1.7-0.9 1.6-1.2q3-2.2 8.9-6.1 1-0.7 1.8-1.6zM32 7.4q0 1.4-0.9 2.7t-2.2 2.2q-6.7 4.7-8.4 5.8-0.2 0.1-0.7 0.5t-1 0.7-0.9 0.6-1.1 0.5-0.9 0.2h-0.1q-0.4 0-0.9-0.2t-1.1-0.5-0.9-0.6-1-0.7-0.7-0.5q-1.6-1.1-4.7-3.2t-3.6-2.6q-1.1-0.7-2.1-2t-1-2.5q0-1.4 0.7-2.3t2.1-0.9h26.3q1.2 0 2 0.8t0.9 2z"/></svg></span></a></li></ul></div>

<p>Angaben gemäß § 5 TMG Zentrale für Unterrichtsmedien im Internet e. V. (ZUM)c/o Tina NeffKirchstraße 60a48249 DülmenDeutschland&nbsp; Vertreten durch Kontakt E-Mail: info@zum.de Registereintrag Eintragung im VereinsregisterRegistergericht: Amtsgericht FreiburgRegisternummer: 3070 Verantwortlich [&hellip;]</p>
