{"id":18401,"date":"2022-11-25T15:56:22","date_gmt":"2022-11-25T14:56:22","guid":{"rendered":"https:\/\/www.zum.de\/portal\/?page_id=18401"},"modified":"2022-11-25T15:56:22","modified_gmt":"2022-11-25T14:56:22","slug":"erinnerung-sichtbar-machen-lessing-realschule-freiburg-klasse-9a","status":"publish","type":"page","link":"https:\/\/www.zum.de\/portal\/erinnerung-sichtbar-machen-lessing-realschule-freiburg-klasse-9a\/","title":{"rendered":"Erinnerung sichtbar machen: Lessing Realschule Freiburg Klasse 9A"},"content":{"rendered":"<div class=\"main-container container\">\n<div class=\"row\">\n<aside class=\"aside-first col-md-3\" style=\"display: none;\">\n<div class=\"region region-sidebar-first col-md-3 affix-top\" style=\"width: 205px;\">\n<section id=\"block-block-4\" class=\"block block-block clearfix\">\n<div class=\"bs-sidebar hidden-print\" role=\"complementary\"><\/div>\n<\/section>\n<\/div>\n<\/aside>\n<div class=\"region region-content col-md-9 col-md-10\">\n<p><em style=\"font-size: revert; color: initial;\">Anmerkung der Redaktion:<\/em><span style=\"font-size: revert; color: initial;\"> Die Daten zu diesem Projekt wurden in das System von <\/span><a style=\"font-size: revert; background-color: #ffffff;\" href=\"https:\/\/www.future-history.eu\/de\/fh-entdecken-map?y=47.99094796387788&amp;x=7.848810749832182&amp;z=15&amp;k=&amp;d=-550--2018&amp;a=4285&amp;suid=all&amp;aud=all&amp;ove=all&amp;s=dist&amp;tags=all\">Future History eingespeist und k\u00f6nnen auch dort angeschaut werden<\/a><span style=\"font-size: revert; color: initial;\">. Wenn Sie auf die Daumenbilder in der rechten Spalte klicken, erscheint &#8222;Bild Details&#8220;. Nach einem weiteren Klick darauf erhalten Sie das Bild in Gro\u00dfansicht mit dem beschreibenden Text. Oft sind alte und neue Ansichten \u00fcberlagerbar und zus\u00e4tzlich Audio oder Videoclips abrufbar (bitte beachten!) Hier auf ZUM.DE sind die Daten bei Future History als Iframe eingebunden. Mit der Zur\u00fccktaste des Browsers kommen Sie immer wieder zur Startseite. Da die Bilder mit den GPS-Daten versehen sind, k\u00f6nnen diese mit der Future History App am Smartphone oder Tablet vor Ort erwandert und im augmented reality Modus erlebbar gemacht werden.<\/span><\/p>\n<section id=\"block-system-main\" class=\"block block-system clearfix\">\n<div id=\"node-880\" class=\"node node-page clearfix\">\n<div class=\"content\">\n<div class=\"field field-name-body field-type-text-with-summary field-label-hidden\">\n<div class=\"field-items\">\n<div class=\"field-item even\">\n<h3>Das Schicksal j\u00fcdischer B\u00fcrger in Freiburg<\/h3>\n<p><strong>Projekt von der Sch\u00fclergruppe der Klasse 9a (Leitung: Frau Ulrike Probst).\u00a0Lessing Realschule in Freiburg<\/strong><br \/>\nBeteiligte Sch\u00fclerinnen und Sch\u00fcler: Sarah Asal, Raphael Ke\u00dfler, Sophia Me\u00dfmer, Benjamin Pfaff, Jule Schneider, Wiktoria Volz<\/p>\n<h4>1. \u00dcbersicht \u00fcber die Daten<\/h4>\n<p><iframe loading=\"lazy\" src=\"https:\/\/iframe.future-history.eu\/de\/fh-entdecken-map?y=47.99094796387788&amp;x=7.848810749832182&amp;z=15&amp;k=&amp;d=-550--2018&amp;a=4285&amp;suid=all&amp;aud=all&amp;ove=all&amp;s=dist&amp;tags=all\" width=\"100%\" height=\"2000px\" frameborder=\"0\"><\/iframe>Mit dem Zur\u00fcck-Button des Browsers zur Projekt\u00fcbersichtsseite zur\u00fcck kehren.<\/p>\n<h4>2. Touren mit dem Smartphone durch Freiburger Stadtteile<\/h4>\n<h4>2.1. Spuren der Verfolgung der Juden in der Wiehre<\/h4>\n<p>Strecke: 1.37 km<\/p>\n<p>Diese Tour f\u00fchrt Euch an vier Pl\u00e4tze in der Wiehre, an denen ihr erfahren k\u00f6nnt, wie das Leben der j\u00fcdischen Bev\u00f6lkerung in Freiburg durch die nationalsozialistische Diktatur zunehmend eingeschr\u00e4nkt und zerst\u00f6rt wurde. Im Zentrum des Rundgangs stehen drei Schicksale j\u00fcdischer Familien und die Rolle des Annaplatzes, der den Nationalsozialisten als Ausgangsort f\u00fcr die Deportation der j\u00fcdischen B\u00fcrgerinnen und B\u00fcrger in der Wiehre diente<\/p>\n<p><iframe loading=\"lazy\" src=\"https:\/\/iframe.future-history.eu\/de\/fh-entdecken-map?y=47.98689003683658&amp;x=7.848694999999907&amp;z=16&amp;k=&amp;d=-550--2018&amp;a=all&amp;suid=all&amp;aud=all&amp;ove=all&amp;s=dist&amp;t=161,Spuren%2520der%2520Verfolgung%2520der%2520Juden%2520in%2520der%2520Wiehre,1373&amp;tags=all\" width=\"100%\" height=\"2000px\" frameborder=\"0\"><\/iframe>Mit dem Zur\u00fcck-Button des Browsers zur Projekt\u00fcbersichtsseite zur\u00fcck kehren.<\/p>\n<h4>2.2. Spuren der Verfolgung in der Innenstadt<\/h4>\n<p>An vielen Geb\u00e4uden und Orten in Freiburg laufen wir heute meist achtlos vorbei und wissen oft nichts \u00fcber ihre Geschichte. Diese Tour m\u00f6chte Euch an Haltepunkte in der Innenstadt f\u00fchren, die eng mit der Ausgrenzung und Verfolgung der j\u00fcdischen Bev\u00f6lkerung in Freiburg in der Zeit des Nationalsozialismus verbunden sind. Zudem werdet ihr beispielhaft am Schicksal der Familie Reichmann erfahren, wie die Herrschaft des Nationalsozialismus das Leben j\u00fcdischer Familien zerst\u00f6rt hat.<\/p>\n<p><iframe loading=\"lazy\" src=\"https:\/\/iframe.future-history.eu\/de\/fh-entdecken-map?y=47.99852811374409&amp;x=7.845687298860867&amp;z=15&amp;k=&amp;d=-550--2018&amp;a=all&amp;suid=all&amp;aud=all&amp;ove=all&amp;s=dist&amp;t=162,Spuren%2520der%2520Verfolgung%2520in%2520der%2520Innenstadt,0&amp;tags=all\" width=\"100%\" height=\"2000px\" frameborder=\"0\"><\/iframe>Mit dem Zur\u00fcck-Button des Browsers zur Projekt\u00fcbersichtsseite zur\u00fcck kehren.<\/p>\n<p>&#8212;&#8212;&#8212;&#8212;&#8212;-<\/p>\n<p><a href=\"https:\/\/www.zum.de\/portal\/Erinnerung-sichtbar-machen-80-Jahre-Reichspogromnacht-2018\">Zur\u00fcck zur Liste der eingereichten Projekte<\/a><\/p>\n<\/div>\n<\/div>\n<\/div>\n<\/div>\n<\/div>\n<\/section>\n<\/div>\n<\/div>\n<\/div>\n<div class=\"shariff shariff-align-flex-start shariff-widget-align-flex-start\" style=\"display:none\" data-url=\"https%3A%2F%2Fwww.zum.de%2Fportal%2Ferinnerung-sichtbar-machen-lessing-realschule-freiburg-klasse-9a%2F\" data-timestamp=\"1669391782\" data-backendurl=\"https:\/\/www.zum.de\/portal\/wp-json\/shariff\/v1\/share_counts?\"><div class=\"ShariffHeadline\">Teilen<\/div><ul class=\"shariff-buttons theme-round orientation-horizontal buttonsize-medium\"><li class=\"shariff-button whatsapp shariff-nocustomcolor shariff-mobile\" style=\"background-color:#5cbe4a\"><a href=\"https:\/\/api.whatsapp.com\/send?text=https%3A%2F%2Fwww.zum.de%2Fportal%2Ferinnerung-sichtbar-machen-lessing-realschule-freiburg-klasse-9a%2F%20Erinnerung%20sichtbar%20machen%3A%20Lessing%20Realschule%20Freiburg%20Klasse%209A\" title=\"Bei Whatsapp teilen\" aria-label=\"Bei Whatsapp teilen\" role=\"button\" rel=\"noopener nofollow\" class=\"shariff-link\" style=\"; background-color:#34af23; color:#fff\" target=\"_blank\"><span class=\"shariff-icon\" style=\"\"><svg width=\"32px\" height=\"20px\" xmlns=\"http:\/\/www.w3.org\/2000\/svg\" viewBox=\"0 0 32 32\"><path fill=\"#34af23\" d=\"M17.6 17.4q0.2 0 1.7 0.8t1.6 0.9q0 0.1 0 0.3 0 0.6-0.3 1.4-0.3 0.7-1.3 1.2t-1.8 0.5q-1 0-3.4-1.1-1.7-0.8-3-2.1t-2.6-3.3q-1.3-1.9-1.3-3.5v-0.1q0.1-1.6 1.3-2.8 0.4-0.4 0.9-0.4 0.1 0 0.3 0t0.3 0q0.3 0 0.5 0.1t0.3 0.5q0.1 0.4 0.6 1.6t0.4 1.3q0 0.4-0.6 1t-0.6 0.8q0 0.1 0.1 0.3 0.6 1.3 1.8 2.4 1 0.9 2.7 1.8 0.2 0.1 0.4 0.1 0.3 0 1-0.9t0.9-0.9zM14 26.9q2.3 0 4.3-0.9t3.6-2.4 2.4-3.6 0.9-4.3-0.9-4.3-2.4-3.6-3.6-2.4-4.3-0.9-4.3 0.9-3.6 2.4-2.4 3.6-0.9 4.3q0 3.6 2.1 6.6l-1.4 4.2 4.3-1.4q2.8 1.9 6.2 1.9zM14 2.2q2.7 0 5.2 1.1t4.3 2.9 2.9 4.3 1.1 5.2-1.1 5.2-2.9 4.3-4.3 2.9-5.2 1.1q-3.5 0-6.5-1.7l-7.4 2.4 2.4-7.2q-1.9-3.2-1.9-6.9 0-2.7 1.1-5.2t2.9-4.3 4.3-2.9 5.2-1.1z\"\/><\/svg><\/span><\/a><\/li><li class=\"shariff-button mailto shariff-nocustomcolor\" style=\"background-color:#a8a8a8\"><a href=\"mailto:?body=https%3A%2F%2Fwww.zum.de%2Fportal%2Ferinnerung-sichtbar-machen-lessing-realschule-freiburg-klasse-9a%2F&subject=Erinnerung%20sichtbar%20machen%3A%20Lessing%20Realschule%20Freiburg%20Klasse%209A\" title=\"Per E-Mail versenden\" aria-label=\"Per E-Mail versenden\" role=\"button\" rel=\"noopener nofollow\" class=\"shariff-link\" style=\"; background-color:#999; color:#fff\"><span class=\"shariff-icon\" style=\"\"><svg width=\"32px\" height=\"20px\" xmlns=\"http:\/\/www.w3.org\/2000\/svg\" viewBox=\"0 0 32 32\"><path fill=\"#999\" d=\"M32 12.7v14.2q0 1.2-0.8 2t-2 0.9h-26.3q-1.2 0-2-0.9t-0.8-2v-14.2q0.8 0.9 1.8 1.6 6.5 4.4 8.9 6.1 1 0.8 1.6 1.2t1.7 0.9 2 0.4h0.1q0.9 0 2-0.4t1.7-0.9 1.6-1.2q3-2.2 8.9-6.1 1-0.7 1.8-1.6zM32 7.4q0 1.4-0.9 2.7t-2.2 2.2q-6.7 4.7-8.4 5.8-0.2 0.1-0.7 0.5t-1 0.7-0.9 0.6-1.1 0.5-0.9 0.2h-0.1q-0.4 0-0.9-0.2t-1.1-0.5-0.9-0.6-1-0.7-0.7-0.5q-1.6-1.1-4.7-3.2t-3.6-2.6q-1.1-0.7-2.1-2t-1-2.5q0-1.4 0.7-2.3t2.1-0.9h26.3q1.2 0 2 0.8t0.9 2z\"\/><\/svg><\/span><\/a><\/li><\/ul><\/div>","protected":false},"excerpt":{"rendered":"<p>Anmerkung der Redaktion: Die Daten zu diesem Projekt wurden in das System von Future History eingespeist und k\u00f6nnen auch dort angeschaut werden. Wenn Sie auf die Daumenbilder in der rechten [&hellip;]<\/p>\n","protected":false},"author":278,"featured_media":0,"parent":0,"menu_order":21,"comment_status":"closed","ping_status":"closed","template":"","meta":{"_acf_changed":false,"gastautor_name":"","gastautor_foto":"","gastautor_funktion":"","gastautor_beschreibung":"","gastautor_css":"","testimonial_foto":"","testimonial_funktion":"","testimonial_zitat":"","testimonial_css":"","zum_angebot_logo":"","zum_angebot_farbe":"","zum_angebot_link":"","zum_angebot_beschreibung":"","footnotes":""},"class_list":["post-18401","page","type-page","status-publish","hentry"],"acf":[],"_links":{"self":[{"href":"https:\/\/www.zum.de\/portal\/wp-json\/wp\/v2\/pages\/18401","targetHints":{"allow":["GET"]}}],"collection":[{"href":"https:\/\/www.zum.de\/portal\/wp-json\/wp\/v2\/pages"}],"about":[{"href":"https:\/\/www.zum.de\/portal\/wp-json\/wp\/v2\/types\/page"}],"author":[{"embeddable":true,"href":"https:\/\/www.zum.de\/portal\/wp-json\/wp\/v2\/users\/278"}],"replies":[{"embeddable":true,"href":"https:\/\/www.zum.de\/portal\/wp-json\/wp\/v2\/comments?post=18401"}],"version-history":[{"count":1,"href":"https:\/\/www.zum.de\/portal\/wp-json\/wp\/v2\/pages\/18401\/revisions"}],"predecessor-version":[{"id":18402,"href":"https:\/\/www.zum.de\/portal\/wp-json\/wp\/v2\/pages\/18401\/revisions\/18402"}],"wp:attachment":[{"href":"https:\/\/www.zum.de\/portal\/wp-json\/wp\/v2\/media?parent=18401"}],"curies":[{"name":"wp","href":"https:\/\/api.w.org\/{rel}","templated":true}]}}

<div class="main-container container">
<div class="row">
<aside class="aside-first col-md-3" style="display: none;">
<div class="region region-sidebar-first col-md-3 affix-top" style="width: 205px;">
<section id="block-block-4" class="block block-block clearfix">
<div class="bs-sidebar hidden-print" role="complementary"></div>
</section>
</div>
</aside>
<div class="region region-content col-md-9 col-md-10">
<p><em style="font-size: revert; color: initial;">Anmerkung der Redaktion:</em><span style="font-size: revert; color: initial;"> Die Daten zu diesem Projekt wurden in das System von </span><a style="font-size: revert; background-color: #ffffff;" href="https://www.future-history.eu/de/fh-entdecken-map?y=47.99094796387788&amp;x=7.848810749832182&amp;z=15&amp;k=&amp;d=-550--2018&amp;a=4285&amp;suid=all&amp;aud=all&amp;ove=all&amp;s=dist&amp;tags=all">Future History eingespeist und können auch dort angeschaut werden</a><span style="font-size: revert; color: initial;">. Wenn Sie auf die Daumenbilder in der rechten Spalte klicken, erscheint &#8222;Bild Details&#8220;. Nach einem weiteren Klick darauf erhalten Sie das Bild in Großansicht mit dem beschreibenden Text. Oft sind alte und neue Ansichten überlagerbar und zusätzlich Audio oder Videoclips abrufbar (bitte beachten!) Hier auf ZUM.DE sind die Daten bei Future History als Iframe eingebunden. Mit der Zurücktaste des Browsers kommen Sie immer wieder zur Startseite. Da die Bilder mit den GPS-Daten versehen sind, können diese mit der Future History App am Smartphone oder Tablet vor Ort erwandert und im augmented reality Modus erlebbar gemacht werden.</span></p>
<section id="block-system-main" class="block block-system clearfix">
<div id="node-880" class="node node-page clearfix">
<div class="content">
<div class="field field-name-body field-type-text-with-summary field-label-hidden">
<div class="field-items">
<div class="field-item even">
<h3>Das Schicksal jüdischer Bürger in Freiburg</h3>
<p><strong>Projekt von der Schülergruppe der Klasse 9a (Leitung: Frau Ulrike Probst). Lessing Realschule in Freiburg</strong><br />
Beteiligte Schülerinnen und Schüler: Sarah Asal, Raphael Keßler, Sophia Meßmer, Benjamin Pfaff, Jule Schneider, Wiktoria Volz</p>
<h4>1. Übersicht über die Daten</h4>
<p><iframe loading="lazy" src="https://iframe.future-history.eu/de/fh-entdecken-map?y=47.99094796387788&amp;x=7.848810749832182&amp;z=15&amp;k=&amp;d=-550--2018&amp;a=4285&amp;suid=all&amp;aud=all&amp;ove=all&amp;s=dist&amp;tags=all" width="100%" height="2000px" frameborder="0"></iframe>Mit dem Zurück-Button des Browsers zur Projektübersichtsseite zurück kehren.</p>
<h4>2. Touren mit dem Smartphone durch Freiburger Stadtteile</h4>
<h4>2.1. Spuren der Verfolgung der Juden in der Wiehre</h4>
<p>Strecke: 1.37 km</p>
<p>Diese Tour führt Euch an vier Plätze in der Wiehre, an denen ihr erfahren könnt, wie das Leben der jüdischen Bevölkerung in Freiburg durch die nationalsozialistische Diktatur zunehmend eingeschränkt und zerstört wurde. Im Zentrum des Rundgangs stehen drei Schicksale jüdischer Familien und die Rolle des Annaplatzes, der den Nationalsozialisten als Ausgangsort für die Deportation der jüdischen Bürgerinnen und Bürger in der Wiehre diente</p>
<p><iframe loading="lazy" src="https://iframe.future-history.eu/de/fh-entdecken-map?y=47.98689003683658&amp;x=7.848694999999907&amp;z=16&amp;k=&amp;d=-550--2018&amp;a=all&amp;suid=all&amp;aud=all&amp;ove=all&amp;s=dist&amp;t=161,Spuren%2520der%2520Verfolgung%2520der%2520Juden%2520in%2520der%2520Wiehre,1373&amp;tags=all" width="100%" height="2000px" frameborder="0"></iframe>Mit dem Zurück-Button des Browsers zur Projektübersichtsseite zurück kehren.</p>
<h4>2.2. Spuren der Verfolgung in der Innenstadt</h4>
<p>An vielen Gebäuden und Orten in Freiburg laufen wir heute meist achtlos vorbei und wissen oft nichts über ihre Geschichte. Diese Tour möchte Euch an Haltepunkte in der Innenstadt führen, die eng mit der Ausgrenzung und Verfolgung der jüdischen Bevölkerung in Freiburg in der Zeit des Nationalsozialismus verbunden sind. Zudem werdet ihr beispielhaft am Schicksal der Familie Reichmann erfahren, wie die Herrschaft des Nationalsozialismus das Leben jüdischer Familien zerstört hat.</p>
<p><iframe loading="lazy" src="https://iframe.future-history.eu/de/fh-entdecken-map?y=47.99852811374409&amp;x=7.845687298860867&amp;z=15&amp;k=&amp;d=-550--2018&amp;a=all&amp;suid=all&amp;aud=all&amp;ove=all&amp;s=dist&amp;t=162,Spuren%2520der%2520Verfolgung%2520in%2520der%2520Innenstadt,0&amp;tags=all" width="100%" height="2000px" frameborder="0"></iframe>Mit dem Zurück-Button des Browsers zur Projektübersichtsseite zurück kehren.</p>
<p>&#8212;&#8212;&#8212;&#8212;&#8212;-</p>
<p><a href="https://www.zum.de/portal/Erinnerung-sichtbar-machen-80-Jahre-Reichspogromnacht-2018">Zurück zur Liste der eingereichten Projekte</a></p>
</div>
</div>
</div>
</div>
</div>
</section>
</div>
</div>
</div>
<div class="shariff shariff-align-flex-start shariff-widget-align-flex-start" style="display:none" data-url="https%3A%2F%2Fwww.zum.de%2Fportal%2Ferinnerung-sichtbar-machen-lessing-realschule-freiburg-klasse-9a%2F" data-timestamp="1669391782" data-backendurl="https://www.zum.de/portal/wp-json/shariff/v1/share_counts?"><div class="ShariffHeadline">Teilen</div><ul class="shariff-buttons theme-round orientation-horizontal buttonsize-medium"><li class="shariff-button whatsapp shariff-nocustomcolor shariff-mobile" style="background-color:#5cbe4a"><a href="https://api.whatsapp.com/send?text=https%3A%2F%2Fwww.zum.de%2Fportal%2Ferinnerung-sichtbar-machen-lessing-realschule-freiburg-klasse-9a%2F%20Erinnerung%20sichtbar%20machen%3A%20Lessing%20Realschule%20Freiburg%20Klasse%209A" title="Bei Whatsapp teilen" aria-label="Bei Whatsapp teilen" role="button" rel="noopener nofollow" class="shariff-link" style="; background-color:#34af23; color:#fff" target="_blank"><span class="shariff-icon" style=""><svg width="32px" height="20px" xmlns="http://www.w3.org/2000/svg" viewBox="0 0 32 32"><path fill="#34af23" d="M17.6 17.4q0.2 0 1.7 0.8t1.6 0.9q0 0.1 0 0.3 0 0.6-0.3 1.4-0.3 0.7-1.3 1.2t-1.8 0.5q-1 0-3.4-1.1-1.7-0.8-3-2.1t-2.6-3.3q-1.3-1.9-1.3-3.5v-0.1q0.1-1.6 1.3-2.8 0.4-0.4 0.9-0.4 0.1 0 0.3 0t0.3 0q0.3 0 0.5 0.1t0.3 0.5q0.1 0.4 0.6 1.6t0.4 1.3q0 0.4-0.6 1t-0.6 0.8q0 0.1 0.1 0.3 0.6 1.3 1.8 2.4 1 0.9 2.7 1.8 0.2 0.1 0.4 0.1 0.3 0 1-0.9t0.9-0.9zM14 26.9q2.3 0 4.3-0.9t3.6-2.4 2.4-3.6 0.9-4.3-0.9-4.3-2.4-3.6-3.6-2.4-4.3-0.9-4.3 0.9-3.6 2.4-2.4 3.6-0.9 4.3q0 3.6 2.1 6.6l-1.4 4.2 4.3-1.4q2.8 1.9 6.2 1.9zM14 2.2q2.7 0 5.2 1.1t4.3 2.9 2.9 4.3 1.1 5.2-1.1 5.2-2.9 4.3-4.3 2.9-5.2 1.1q-3.5 0-6.5-1.7l-7.4 2.4 2.4-7.2q-1.9-3.2-1.9-6.9 0-2.7 1.1-5.2t2.9-4.3 4.3-2.9 5.2-1.1z"/></svg></span></a></li><li class="shariff-button mailto shariff-nocustomcolor" style="background-color:#a8a8a8"><a href="mailto:?body=https%3A%2F%2Fwww.zum.de%2Fportal%2Ferinnerung-sichtbar-machen-lessing-realschule-freiburg-klasse-9a%2F&subject=Erinnerung%20sichtbar%20machen%3A%20Lessing%20Realschule%20Freiburg%20Klasse%209A" title="Per E-Mail versenden" aria-label="Per E-Mail versenden" role="button" rel="noopener nofollow" class="shariff-link" style="; background-color:#999; color:#fff"><span class="shariff-icon" style=""><svg width="32px" height="20px" xmlns="http://www.w3.org/2000/svg" viewBox="0 0 32 32"><path fill="#999" d="M32 12.7v14.2q0 1.2-0.8 2t-2 0.9h-26.3q-1.2 0-2-0.9t-0.8-2v-14.2q0.8 0.9 1.8 1.6 6.5 4.4 8.9 6.1 1 0.8 1.6 1.2t1.7 0.9 2 0.4h0.1q0.9 0 2-0.4t1.7-0.9 1.6-1.2q3-2.2 8.9-6.1 1-0.7 1.8-1.6zM32 7.4q0 1.4-0.9 2.7t-2.2 2.2q-6.7 4.7-8.4 5.8-0.2 0.1-0.7 0.5t-1 0.7-0.9 0.6-1.1 0.5-0.9 0.2h-0.1q-0.4 0-0.9-0.2t-1.1-0.5-0.9-0.6-1-0.7-0.7-0.5q-1.6-1.1-4.7-3.2t-3.6-2.6q-1.1-0.7-2.1-2t-1-2.5q0-1.4 0.7-2.3t2.1-0.9h26.3q1.2 0 2 0.8t0.9 2z"/></svg></span></a></li></ul></div>

<p>Anmerkung der Redaktion: Die Daten zu diesem Projekt wurden in das System von Future History eingespeist und können auch dort angeschaut werden. Wenn Sie auf die Daumenbilder in der rechten [&hellip;]</p>
